{"id":9,"date":"2015-12-27T21:55:31","date_gmt":"2015-12-27T21:55:31","guid":{"rendered":"http:\/\/www.atelier-flores.ch\/?page_id=9"},"modified":"2017-01-16T14:05:25","modified_gmt":"2017-01-16T14:05:25","slug":"toepfern","status":"publish","type":"page","link":"https:\/\/www.atelier-flores.ch\/?page_id=9","title":{"rendered":"T\u00f6pfern"},"content":{"rendered":"<p><img loading=\"lazy\" class=\"alignnone wp-image-30\" src=\"https:\/\/www.atelier-flores.ch\/wp-content\/uploads\/2015\/12\/DSC_2715_klein.jpg\" alt=\"Tonkugel\" width=\"640\" height=\"424\" srcset=\"https:\/\/www.atelier-flores.ch\/wp-content\/uploads\/2015\/12\/DSC_2715_klein.jpg 1280w, https:\/\/www.atelier-flores.ch\/wp-content\/uploads\/2015\/12\/DSC_2715_klein-300x199.jpg 300w, https:\/\/www.atelier-flores.ch\/wp-content\/uploads\/2015\/12\/DSC_2715_klein-768x509.jpg 768w, https:\/\/www.atelier-flores.ch\/wp-content\/uploads\/2015\/12\/DSC_2715_klein-1024x678.jpg 1024w\" sizes=\"(max-width: 640px) 100vw, 640px\" \/><\/p>\n<p>Sie haben die M\u00f6glichkeit in meinem Atelier ihre eigenen Ideen und Objekte aus Ton umzusetzen. Unter dem untenstehenden Link Anmeldung finden Sie die Daten.<br \/>\nF\u00fcr\u00a0 Fragen steht Ihnen unter der Rubrik Anmeldung, Bemerkungen ein Fenster f\u00fcr Ihre Anliegen zur Verf\u00fcgung.<\/p>\n<p>Die Kosten betragen pro TeilnehmerIn f\u00fcr 2.5 h 25.- CHF.<\/p>\n<p>Pro Kilo glasierter und gebrannter Objetke werden 22.- CHF verrechnet. Grosse leichte Objekte werden nach Stk. berechnet.<\/p>\n<p>&nbsp;<\/p>\n<p><a href=\"https:\/\/www.atelier-flores.ch\/?page_id=69\">Anmeldung<\/a><\/p>\n","protected":false},"excerpt":{"rendered":"<p>Sie haben die M\u00f6glichkeit in meinem Atelier ihre eigenen Ideen und Objekte aus Ton umzusetzen. Unter dem untenstehenden Link Anmeldung finden Sie die Daten. F\u00fcr\u00a0 Fragen steht Ihnen unter der Rubrik Anmeldung, Bemerkungen ein Fenster f\u00fcr Ihre Anliegen zur Verf\u00fcgung. Die Kosten betragen pro TeilnehmerIn f\u00fcr 2.5 h 25.- CHF. Pro Kilo glasierter und gebrannter &hellip; <a href=\"https:\/\/www.atelier-flores.ch\/?page_id=9\" class=\"more-link\"><span class=\"screen-reader-text\">T\u00f6pfern<\/span> weiterlesen <span class=\"meta-nav\">&rarr;<\/span><\/a><\/p>\n","protected":false},"author":1,"featured_media":0,"parent":0,"menu_order":2,"comment_status":"closed","ping_status":"closed","template":"","meta":[],"_links":{"self":[{"href":"https:\/\/www.atelier-flores.ch\/index.php?rest_route=\/wp\/v2\/pages\/9"}],"collection":[{"href":"https:\/\/www.atelier-flores.ch\/index.php?rest_route=\/wp\/v2\/pages"}],"about":[{"href":"https:\/\/www.atelier-flores.ch\/index.php?rest_route=\/wp\/v2\/types\/page"}],"author":[{"embeddable":true,"href":"https:\/\/www.atelier-flores.ch\/index.php?rest_route=\/wp\/v2\/users\/1"}],"replies":[{"embeddable":true,"href":"https:\/\/www.atelier-flores.ch\/index.php?rest_route=%2Fwp%2Fv2%2Fcomments&post=9"}],"version-history":[{"count":14,"href":"https:\/\/www.atelier-flores.ch\/index.php?rest_route=\/wp\/v2\/pages\/9\/revisions"}],"predecessor-version":[{"id":149,"href":"https:\/\/www.atelier-flores.ch\/index.php?rest_route=\/wp\/v2\/pages\/9\/revisions\/149"}],"wp:attachment":[{"href":"https:\/\/www.atelier-flores.ch\/index.php?rest_route=%2Fwp%2Fv2%2Fmedia&parent=9"}],"curies":[{"name":"wp","href":"https:\/\/api.w.org\/{rel}","templated":true}]}}